{"id":803,"date":"2024-03-15T15:42:33","date_gmt":"2024-03-15T15:42:33","guid":{"rendered":"https:\/\/www.uroosevelt.edu.pe\/portal\/?page_id=803"},"modified":"2024-04-23T17:03:23","modified_gmt":"2024-04-23T17:03:23","slug":"noticias","status":"publish","type":"page","link":"https:\/\/www.uroosevelt.edu.pe\/portal\/noticias\/","title":{"rendered":"Noticias"},"content":{"rendered":"<p>[vc_row full_width=\u00bbstretch_row\u00bb css=\u00bb.vc_custom_1710517228253{background-image: url(https:\/\/www.uroosevelt.edu.pe\/portal\/wp-content\/uploads\/2024\/03\/banner7.jpg?id=752) !important;background-position: center !important;background-repeat: no-repeat !important;background-size: cover !important;}\u00bb][vc_column][vc_empty_space height=\u00bb150px\u00bb][vc_row_inner][vc_column_inner width=\u00bb1\/2&#8243;][vc_column_text el_class=\u00bbtitulo\u00bb]<\/p>\n<h1><strong>Noticias y Eventos<\/strong><\/h1>\n<p>[\/vc_column_text][vc_empty_space][\/vc_column_inner][vc_column_inner width=\u00bb1\/2&#8243;][\/vc_column_inner][\/vc_row_inner][vc_empty_space height=\u00bb200px\u00bb][\/vc_column][\/vc_row][vc_row][vc_column][vc_empty_space][vc_row_inner][vc_column_inner]<div class=\"column_filters\"><div class=\"blog_wrapper isotope_wrapper clearfix\"><div class=\"posts_group lm_wrapper col-3 grid hide-more\"><div class=\"post-item isotope-item clearfix post-2538 post type-post status-publish format-standard has-post-thumbnail hentry category-noticias\" style=\"\"><div class=\"date_label\">19 noviembre, 2024<\/div><div class=\"image_frame post-photo-wrapper scale-with-grid image\"><div class=\"image_wrapper\"><a href=\"https:\/\/www.uroosevelt.edu.pe\/portal\/universidad-privada-de-huancayo-franklin-roosevelt-se-afilia-a-alafec-fortaleciendo-su-presencia-internacional\/\"><div class=\"mask\"><\/div><img loading=\"lazy\" decoding=\"async\" width=\"960\" height=\"750\" src=\"https:\/\/www.uroosevelt.edu.pe\/portal\/wp-content\/uploads\/2024\/11\/alafc_Mesa-de-trabajo-1_Mesa-de-trabajo-1-960x750.png\" class=\"scale-with-grid wp-post-image\" alt=\"\" srcset=\"https:\/\/www.uroosevelt.edu.pe\/portal\/wp-content\/uploads\/2024\/11\/alafc_Mesa-de-trabajo-1_Mesa-de-trabajo-1-960x750.png 960w, https:\/\/www.uroosevelt.edu.pe\/portal\/wp-content\/uploads\/2024\/11\/alafc_Mesa-de-trabajo-1_Mesa-de-trabajo-1-1280x1000.png 1280w\" sizes=\"(max-width: 960px) 100vw, 960px\" \/><\/a><div class=\"image_links double\"><a href=\"https:\/\/www.uroosevelt.edu.pe\/portal\/wp-content\/uploads\/2024\/11\/alafc_Mesa-de-trabajo-1_Mesa-de-trabajo-1-1024x683.png\" class=\"zoom\" rel=\"prettyphoto\"><i class=\"icon-search\"><\/i><\/a><a href=\"https:\/\/www.uroosevelt.edu.pe\/portal\/universidad-privada-de-huancayo-franklin-roosevelt-se-afilia-a-alafec-fortaleciendo-su-presencia-internacional\/\" class=\"link\"><i class=\"icon-link\"><\/i><\/a><\/div><\/div><\/div><div class=\"post-desc-wrapper bg-\" style=\"\"><div class=\"post-desc\"><div class=\"post-head\"><\/div><div class=\"post-title\"><h2 class=\"entry-title\" itemprop=\"headline\"><a href=\"https:\/\/www.uroosevelt.edu.pe\/portal\/universidad-privada-de-huancayo-franklin-roosevelt-se-afilia-a-alafec-fortaleciendo-su-presencia-internacional\/\">Universidad Privada de Huancayo Franklin Roosevelt se afilia a ALAFEC, fortaleciendo su presencia internacional<\/a><\/h2><\/div><div class=\"post-excerpt\">La Universidad Privada de Huancayo Franklin Roosevelt ha dado un importante paso hacia la<span class=\"excerpt-hellip\"> [\u2026]<\/span><\/div><div class=\"post-footer\"><div class=\"button-love\"><span class=\"love-text\">Te gusto?<\/span><\/div><div class=\"post-links\"><i class=\"icon-doc-text\"><\/i> <a href=\"https:\/\/www.uroosevelt.edu.pe\/portal\/universidad-privada-de-huancayo-franklin-roosevelt-se-afilia-a-alafec-fortaleciendo-su-presencia-internacional\/\" class=\"post-more\">Leer m\u00e1s<\/a><\/div><\/div><\/div><\/div><\/div><div class=\"post-item isotope-item clearfix post-2203 post type-post status-publish format-standard has-post-thumbnail hentry category-noticias\" style=\"\"><div class=\"date_label\">19 noviembre, 2024<\/div><div class=\"image_frame post-photo-wrapper scale-with-grid image\"><div class=\"image_wrapper\"><a href=\"https:\/\/www.uroosevelt.edu.pe\/portal\/vi-congreso-internacional-multidisciplinario-y-ii-reencuentro-de-egresados-de-estomatologia-roosevelt-2024%f0%9f%87%a7%f0%9f%87%b7%f0%9f%87%b5%f0%9f%87%aa\/\"><div class=\"mask\"><\/div><img loading=\"lazy\" decoding=\"async\" width=\"960\" height=\"750\" src=\"https:\/\/www.uroosevelt.edu.pe\/portal\/wp-content\/uploads\/2024\/11\/congreso-banner-960x750.png\" class=\"scale-with-grid wp-post-image\" alt=\"\" srcset=\"https:\/\/www.uroosevelt.edu.pe\/portal\/wp-content\/uploads\/2024\/11\/congreso-banner-960x750.png 960w, https:\/\/www.uroosevelt.edu.pe\/portal\/wp-content\/uploads\/2024\/11\/congreso-banner-1280x1000.png 1280w\" sizes=\"(max-width: 960px) 100vw, 960px\" \/><\/a><div class=\"image_links double\"><a href=\"https:\/\/www.uroosevelt.edu.pe\/portal\/wp-content\/uploads\/2024\/11\/congreso-banner-1024x683.png\" class=\"zoom\" rel=\"prettyphoto\"><i class=\"icon-search\"><\/i><\/a><a href=\"https:\/\/www.uroosevelt.edu.pe\/portal\/vi-congreso-internacional-multidisciplinario-y-ii-reencuentro-de-egresados-de-estomatologia-roosevelt-2024%f0%9f%87%a7%f0%9f%87%b7%f0%9f%87%b5%f0%9f%87%aa\/\" class=\"link\"><i class=\"icon-link\"><\/i><\/a><\/div><\/div><\/div><div class=\"post-desc-wrapper bg-\" style=\"\"><div class=\"post-desc\"><div class=\"post-head\"><\/div><div class=\"post-title\"><h2 class=\"entry-title\" itemprop=\"headline\"><a href=\"https:\/\/www.uroosevelt.edu.pe\/portal\/vi-congreso-internacional-multidisciplinario-y-ii-reencuentro-de-egresados-de-estomatologia-roosevelt-2024%f0%9f%87%a7%f0%9f%87%b7%f0%9f%87%b5%f0%9f%87%aa\/\">VI Congreso Internacional Multidisciplinario y II Reencuentro de Egresados de Estomatolog\u00eda Roosevelt 2024!????<\/a><\/h2><\/div><div class=\"post-excerpt\">Es un evento acad\u00e9mico que se llevar\u00e1 a cabo de manera presencial los d\u00edas<span class=\"excerpt-hellip\"> [\u2026]<\/span><\/div><div class=\"post-footer\"><div class=\"button-love\"><span class=\"love-text\">Te gusto?<\/span><\/div><div class=\"post-links\"><i class=\"icon-doc-text\"><\/i> <a href=\"https:\/\/www.uroosevelt.edu.pe\/portal\/vi-congreso-internacional-multidisciplinario-y-ii-reencuentro-de-egresados-de-estomatologia-roosevelt-2024%f0%9f%87%a7%f0%9f%87%b7%f0%9f%87%b5%f0%9f%87%aa\/\" class=\"post-more\">Leer m\u00e1s<\/a><\/div><\/div><\/div><\/div><\/div><div class=\"post-item isotope-item clearfix post-2530 post type-post status-publish format-standard has-post-thumbnail hentry category-noticias category-sin-categoria\" style=\"\"><div class=\"date_label\">19 noviembre, 2024<\/div><div class=\"image_frame post-photo-wrapper scale-with-grid image\"><div class=\"image_wrapper\"><a href=\"https:\/\/www.uroosevelt.edu.pe\/portal\/roosevelt-podcast-la-universidad-roosevelt-lanza-su-podcast\/\"><div class=\"mask\"><\/div><img loading=\"lazy\" decoding=\"async\" width=\"960\" height=\"750\" src=\"https:\/\/www.uroosevelt.edu.pe\/portal\/wp-content\/uploads\/2024\/11\/PORTADA-960x750.png\" class=\"scale-with-grid wp-post-image\" alt=\"\" srcset=\"https:\/\/www.uroosevelt.edu.pe\/portal\/wp-content\/uploads\/2024\/11\/PORTADA-960x750.png 960w, https:\/\/www.uroosevelt.edu.pe\/portal\/wp-content\/uploads\/2024\/11\/PORTADA-1280x1000.png 1280w\" sizes=\"(max-width: 960px) 100vw, 960px\" \/><\/a><div class=\"image_links double\"><a href=\"https:\/\/www.uroosevelt.edu.pe\/portal\/wp-content\/uploads\/2024\/11\/PORTADA-1024x576.png\" class=\"zoom\" rel=\"prettyphoto\"><i class=\"icon-search\"><\/i><\/a><a href=\"https:\/\/www.uroosevelt.edu.pe\/portal\/roosevelt-podcast-la-universidad-roosevelt-lanza-su-podcast\/\" class=\"link\"><i class=\"icon-link\"><\/i><\/a><\/div><\/div><\/div><div class=\"post-desc-wrapper bg-\" style=\"\"><div class=\"post-desc\"><div class=\"post-head\"><\/div><div class=\"post-title\"><h2 class=\"entry-title\" itemprop=\"headline\"><a href=\"https:\/\/www.uroosevelt.edu.pe\/portal\/roosevelt-podcast-la-universidad-roosevelt-lanza-su-podcast\/\">Roosevelt Podcast| La Universidad Roosevelt lanza su podcast<\/a><\/h2><\/div><div class=\"post-excerpt\">La Universidad Roosevelt se enorgullece de presentar su nuevo proyecto: \u00abRoosevelt Podcast\u00bb, un espacio<span class=\"excerpt-hellip\"> [\u2026]<\/span><\/div><div class=\"post-footer\"><div class=\"button-love\"><span class=\"love-text\">Te gusto?<\/span><\/div><div class=\"post-links\"><i class=\"icon-doc-text\"><\/i> <a href=\"https:\/\/www.uroosevelt.edu.pe\/portal\/roosevelt-podcast-la-universidad-roosevelt-lanza-su-podcast\/\" class=\"post-more\">Leer m\u00e1s<\/a><\/div><\/div><\/div><\/div><\/div><div class=\"post-item isotope-item clearfix post-2505 post type-post status-publish format-standard has-post-thumbnail hentry category-noticias\" style=\"\"><div class=\"date_label\">18 noviembre, 2024<\/div><div class=\"image_frame post-photo-wrapper scale-with-grid image\"><div class=\"image_wrapper\"><a href=\"https:\/\/www.uroosevelt.edu.pe\/portal\/universidad-roosevelt-premia-iniciativas-empresariales-de-colegios\/\"><div class=\"mask\"><\/div><img loading=\"lazy\" decoding=\"async\" width=\"960\" height=\"750\" src=\"https:\/\/www.uroosevelt.edu.pe\/portal\/wp-content\/uploads\/2024\/11\/08-10-960x750.jpg\" class=\"scale-with-grid wp-post-image\" alt=\"\" srcset=\"https:\/\/www.uroosevelt.edu.pe\/portal\/wp-content\/uploads\/2024\/11\/08-10-960x750.jpg 960w, https:\/\/www.uroosevelt.edu.pe\/portal\/wp-content\/uploads\/2024\/11\/08-10-1280x1000.jpg 1280w\" sizes=\"(max-width: 960px) 100vw, 960px\" \/><\/a><div class=\"image_links double\"><a href=\"https:\/\/www.uroosevelt.edu.pe\/portal\/wp-content\/uploads\/2024\/11\/08-10-1024x683.jpg\" class=\"zoom\" rel=\"prettyphoto\"><i class=\"icon-search\"><\/i><\/a><a href=\"https:\/\/www.uroosevelt.edu.pe\/portal\/universidad-roosevelt-premia-iniciativas-empresariales-de-colegios\/\" class=\"link\"><i class=\"icon-link\"><\/i><\/a><\/div><\/div><\/div><div class=\"post-desc-wrapper bg-\" style=\"\"><div class=\"post-desc\"><div class=\"post-head\"><\/div><div class=\"post-title\"><h2 class=\"entry-title\" itemprop=\"headline\"><a href=\"https:\/\/www.uroosevelt.edu.pe\/portal\/universidad-roosevelt-premia-iniciativas-empresariales-de-colegios\/\">UNIVERSIDAD ROOSEVELT PREMIA INICIATIVAS EMPRESARIALES DE COLEGIOS<\/a><\/h2><\/div><div class=\"post-excerpt\">M\u00e1s de 5000 soles en premios Con la finalidad de incentivar y promover el<span class=\"excerpt-hellip\"> [\u2026]<\/span><\/div><div class=\"post-footer\"><div class=\"button-love\"><span class=\"love-text\">Te gusto?<\/span><\/div><div class=\"post-links\"><i class=\"icon-doc-text\"><\/i> <a href=\"https:\/\/www.uroosevelt.edu.pe\/portal\/universidad-roosevelt-premia-iniciativas-empresariales-de-colegios\/\" class=\"post-more\">Leer m\u00e1s<\/a><\/div><\/div><\/div><\/div><\/div><div class=\"post-item isotope-item clearfix post-2185 post type-post status-publish format-standard has-post-thumbnail hentry category-noticias\" style=\"\"><div class=\"date_label\">18 octubre, 2024<\/div><div class=\"image_frame post-photo-wrapper scale-with-grid image\"><div class=\"image_wrapper\"><a href=\"https:\/\/www.uroosevelt.edu.pe\/portal\/iv-congreso-internacional-cientifico-de-actualizacion-en-obstetricia-y-v-congreso-nacional-de-obstetricia-2024\/\"><div class=\"mask\"><\/div><img loading=\"lazy\" decoding=\"async\" width=\"960\" height=\"750\" src=\"https:\/\/www.uroosevelt.edu.pe\/portal\/wp-content\/uploads\/2024\/10\/OBS-08-960x750.jpg\" class=\"scale-with-grid wp-post-image\" alt=\"\" srcset=\"https:\/\/www.uroosevelt.edu.pe\/portal\/wp-content\/uploads\/2024\/10\/OBS-08-960x750.jpg 960w, https:\/\/www.uroosevelt.edu.pe\/portal\/wp-content\/uploads\/2024\/10\/OBS-08-1280x1000.jpg 1280w\" sizes=\"(max-width: 960px) 100vw, 960px\" \/><\/a><div class=\"image_links double\"><a href=\"https:\/\/www.uroosevelt.edu.pe\/portal\/wp-content\/uploads\/2024\/10\/OBS-08-1024x683.jpg\" class=\"zoom\" rel=\"prettyphoto\"><i class=\"icon-search\"><\/i><\/a><a href=\"https:\/\/www.uroosevelt.edu.pe\/portal\/iv-congreso-internacional-cientifico-de-actualizacion-en-obstetricia-y-v-congreso-nacional-de-obstetricia-2024\/\" class=\"link\"><i class=\"icon-link\"><\/i><\/a><\/div><\/div><\/div><div class=\"post-desc-wrapper bg-\" style=\"\"><div class=\"post-desc\"><div class=\"post-head\"><\/div><div class=\"post-title\"><h2 class=\"entry-title\" itemprop=\"headline\"><a href=\"https:\/\/www.uroosevelt.edu.pe\/portal\/iv-congreso-internacional-cientifico-de-actualizacion-en-obstetricia-y-v-congreso-nacional-de-obstetricia-2024\/\">IV Congreso Internacional Cient\u00edfico de Actualizaci\u00f3n en Obstetricia y V Congreso Nacional de Obstetricia 2024<\/a><\/h2><\/div><div class=\"post-excerpt\">\u00a1Revive los mejores momentos del IV Congreso Internacional Cient\u00edfico de Actualizaci\u00f3n en Obstetricia y<span class=\"excerpt-hellip\"> [\u2026]<\/span><\/div><div class=\"post-footer\"><div class=\"button-love\"><span class=\"love-text\">Te gusto?<\/span><\/div><div class=\"post-links\"><i class=\"icon-doc-text\"><\/i> <a href=\"https:\/\/www.uroosevelt.edu.pe\/portal\/iv-congreso-internacional-cientifico-de-actualizacion-en-obstetricia-y-v-congreso-nacional-de-obstetricia-2024\/\" class=\"post-more\">Leer m\u00e1s<\/a><\/div><\/div><\/div><\/div><\/div><div class=\"post-item isotope-item clearfix post-2176 post type-post status-publish format-standard has-post-thumbnail hentry category-noticias\" style=\"\"><div class=\"date_label\">18 octubre, 2024<\/div><div class=\"image_frame post-photo-wrapper scale-with-grid image\"><div class=\"image_wrapper\"><a href=\"https:\/\/www.uroosevelt.edu.pe\/portal\/firma-del-convenio-entre-la-universidad-roosevelt-y-el-colegio-quimico-farmaceutico\/\"><div class=\"mask\"><\/div><img loading=\"lazy\" decoding=\"async\" width=\"960\" height=\"750\" src=\"https:\/\/www.uroosevelt.edu.pe\/portal\/wp-content\/uploads\/2024\/10\/FOTO-CONVENIO-01-960x750.jpg\" class=\"scale-with-grid wp-post-image\" alt=\"\" srcset=\"https:\/\/www.uroosevelt.edu.pe\/portal\/wp-content\/uploads\/2024\/10\/FOTO-CONVENIO-01-960x750.jpg 960w, https:\/\/www.uroosevelt.edu.pe\/portal\/wp-content\/uploads\/2024\/10\/FOTO-CONVENIO-01-1280x1000.jpg 1280w\" sizes=\"(max-width: 960px) 100vw, 960px\" \/><\/a><div class=\"image_links double\"><a href=\"https:\/\/www.uroosevelt.edu.pe\/portal\/wp-content\/uploads\/2024\/10\/FOTO-CONVENIO-01-1024x683.jpg\" class=\"zoom\" rel=\"prettyphoto\"><i class=\"icon-search\"><\/i><\/a><a href=\"https:\/\/www.uroosevelt.edu.pe\/portal\/firma-del-convenio-entre-la-universidad-roosevelt-y-el-colegio-quimico-farmaceutico\/\" class=\"link\"><i class=\"icon-link\"><\/i><\/a><\/div><\/div><\/div><div class=\"post-desc-wrapper bg-\" style=\"\"><div class=\"post-desc\"><div class=\"post-head\"><\/div><div class=\"post-title\"><h2 class=\"entry-title\" itemprop=\"headline\"><a href=\"https:\/\/www.uroosevelt.edu.pe\/portal\/firma-del-convenio-entre-la-universidad-roosevelt-y-el-colegio-quimico-farmaceutico\/\">FIRMA DE CONVENIO ENTRE LA UNIVERSIDAD ROOSEVELT Y EL COLEGIO QU\u00cdMICO FARMAC\u00c9UTICO<\/a><\/h2><\/div><div class=\"post-excerpt\">En un importante evento celebrado recientemente, la Universidad Roosevelt firm\u00f3 un convenio con el<span class=\"excerpt-hellip\"> [\u2026]<\/span><\/div><div class=\"post-footer\"><div class=\"button-love\"><span class=\"love-text\">Te gusto?<\/span><\/div><div class=\"post-links\"><i class=\"icon-doc-text\"><\/i> <a href=\"https:\/\/www.uroosevelt.edu.pe\/portal\/firma-del-convenio-entre-la-universidad-roosevelt-y-el-colegio-quimico-farmaceutico\/\" class=\"post-more\">Leer m\u00e1s<\/a><\/div><\/div><\/div><\/div><\/div><\/div><\/div>\n<\/div>\n[\/vc_column_inner][\/vc_row_inner][vc_empty_space][\/vc_column][\/vc_row]<\/p>\n","protected":false},"excerpt":{"rendered":"<p>[vc_row full_width=\u00bbstretch_row\u00bb css=\u00bb.vc_custom_1710517228253{background-image: url(https:\/\/www.uroosevelt.edu.pe\/portal\/wp-content\/uploads\/2024\/03\/banner7.jpg?id=752) !important;background-position: center !important;background-repeat: no-repeat !important;background-size: cover !important;}\u00bb][vc_column][vc_empty_space height=\u00bb150px\u00bb][vc_row_inner][vc_column_inner width=\u00bb1\/2&#8243;][vc_column_text el_class=\u00bbtitulo\u00bb]<span class=\"excerpt-hellip\"> [\u2026]<\/span><\/p>\n","protected":false},"author":4,"featured_media":0,"parent":0,"menu_order":0,"comment_status":"closed","ping_status":"closed","template":"","meta":{"footnotes":""},"_links":{"self":[{"href":"https:\/\/www.uroosevelt.edu.pe\/portal\/wp-json\/wp\/v2\/pages\/803"}],"collection":[{"href":"https:\/\/www.uroosevelt.edu.pe\/portal\/wp-json\/wp\/v2\/pages"}],"about":[{"href":"https:\/\/www.uroosevelt.edu.pe\/portal\/wp-json\/wp\/v2\/types\/page"}],"author":[{"embeddable":true,"href":"https:\/\/www.uroosevelt.edu.pe\/portal\/wp-json\/wp\/v2\/users\/4"}],"replies":[{"embeddable":true,"href":"https:\/\/www.uroosevelt.edu.pe\/portal\/wp-json\/wp\/v2\/comments?post=803"}],"version-history":[{"count":6,"href":"https:\/\/www.uroosevelt.edu.pe\/portal\/wp-json\/wp\/v2\/pages\/803\/revisions"}],"predecessor-version":[{"id":2183,"href":"https:\/\/www.uroosevelt.edu.pe\/portal\/wp-json\/wp\/v2\/pages\/803\/revisions\/2183"}],"wp:attachment":[{"href":"https:\/\/www.uroosevelt.edu.pe\/portal\/wp-json\/wp\/v2\/media?parent=803"}],"curies":[{"name":"wp","href":"https:\/\/api.w.org\/{rel}","templated":true}]}}