{"id":1499,"date":"2024-04-25T18:31:18","date_gmt":"2024-04-25T18:31:18","guid":{"rendered":"https:\/\/www.uroosevelt.edu.pe\/portal\/?page_id=1499"},"modified":"2025-08-14T09:54:33","modified_gmt":"2025-08-14T14:54:33","slug":"calidad-educativa","status":"publish","type":"page","link":"https:\/\/www.uroosevelt.edu.pe\/portal\/calidad-educativa\/","title":{"rendered":"Calidad Educativa"},"content":{"rendered":"<p>[vc_row full_width=\u00bbstretch_row\u00bb css=\u00bb.vc_custom_1714067532166{background-image: url(https:\/\/www.uroosevelt.edu.pe\/portal\/wp-content\/uploads\/2024\/04\/SALA-BIBLIOTECA-SC-05.jpg?id=1115) !important;background-position: center !important;background-repeat: no-repeat !important;background-size: cover !important;}\u00bb][vc_column][vc_empty_space height=\u00bb150px\u00bb][vc_row_inner][vc_column_inner width=\u00bb1\/2&#8243;][vc_column_text el_class=\u00bbtitulo\u00bb css=\u00bb.vc_custom_1714067782476{padding-right: 28px !important;padding-left: 28px !important;}\u00bb]<\/p>\n<h1><strong>Calidad Educativa<\/strong><\/h1>\n<p>[\/vc_column_text][vc_empty_space][vc_column_text el_class=\u00bbtexto-blanco\u00bb css=\u00bb.vc_custom_1714067795653{padding-right: 28px !important;padding-left: 28px !important;}\u00bb]Bienvenidos a la Oficina de Calidad Educativa de la Universidad Franklin Roosevelt.<\/p>\n<p>Nuestro equipo de trabajo cuenta con profesionales de la Educaci\u00f3n que contribuyen, mejorando e innovando el desempe\u00f1o docente; contribuyendo a su vez en la optimizaci\u00f3n de los resultados de aprendizaje de los estudiantes.[\/vc_column_text][\/vc_column_inner][vc_column_inner width=\u00bb1\/2&#8243;][\/vc_column_inner][\/vc_row_inner][vc_empty_space height=\u00bb200px\u00bb][\/vc_column][\/vc_row][vc_row][vc_column][vc_empty_space][vc_row_inner equal_height=\u00bbyes\u00bb content_placement=\u00bbmiddle\u00bb][vc_column_inner el_class=\u00bbcolumna-borde\u00bb width=\u00bb1\/2&#8243;][vc_empty_space][vc_column_text el_class=\u00bbtexto1&#8243;]<\/p>\n<h1><strong>Dra. Renee Amparo Valle Elescano<\/strong><\/h1>\n<p>[\/vc_column_text][vc_empty_space]<div class=\"aio-icon-component    style_1\"><div id=\"Info-box-wrap-6854\" class=\"aio-icon-box default-icon\" style=\"\"  ><div class=\"aio-icon-default\"><div class=\"ult-just-icon-wrapper  \"><div class=\"align-icon\" style=\"text-align:center;\">\n<div class=\"aio-icon none \"  style=\"color:#910048;font-size:15px;display:inline-block;\">\n\t<i class=\"Defaults-user\"><\/i>\n<\/div><\/div><\/div><\/div><div class=\"aio-icon-header\" ><h3 class=\"aio-icon-title ult-responsive\"  data-ultimate-target='#Info-box-wrap-6854 .aio-icon-title'  data-responsive-json-new='{\"font-size\":\"\",\"line-height\":\"\"}'  style=\"\">Jefa de la Oficina de Calidad Educativa y Acreditaci\u00f3n<\/h3><\/div> <!-- header --><\/div> <!-- aio-icon-box --><\/div> <!-- aio-icon-component --><div class=\"aio-icon-component    style_1\"><div id=\"Info-box-wrap-3849\" class=\"aio-icon-box default-icon\" style=\"\"  ><div class=\"aio-icon-default\"><div class=\"ult-just-icon-wrapper  \"><div class=\"align-icon\" style=\"text-align:center;\">\n<div class=\"aio-icon none \"  style=\"color:#910048;font-size:15px;display:inline-block;\">\n\t<i class=\"Defaults-envelope-o\"><\/i>\n<\/div><\/div><\/div><\/div><div class=\"aio-icon-header\" ><h3 class=\"aio-icon-title ult-responsive\"  data-ultimate-target='#Info-box-wrap-3849 .aio-icon-title'  data-responsive-json-new='{\"font-size\":\"\",\"line-height\":\"\"}'  style=\"\">rvalle@uroosevelt.edu.pe<\/h3><\/div> <!-- header --><\/div> <!-- aio-icon-box --><\/div> <!-- aio-icon-component --><div class=\"aio-icon-component    style_1\"><div id=\"Info-box-wrap-1876\" class=\"aio-icon-box default-icon\" style=\"\"  ><div class=\"aio-icon-default\"><div class=\"ult-just-icon-wrapper  \"><div class=\"align-icon\" style=\"text-align:center;\">\n<div class=\"aio-icon none \"  style=\"color:#910048;font-size:15px;display:inline-block;\">\n\t<i class=\"Defaults-clock-o\"><\/i>\n<\/div><\/div><\/div><\/div><div class=\"aio-icon-header\" ><h3 class=\"aio-icon-title ult-responsive\"  data-ultimate-target='#Info-box-wrap-1876 .aio-icon-title'  data-responsive-json-new='{\"font-size\":\"\",\"line-height\":\"\"}'  style=\"\">Lunes a viernes de 08:00 am a 01:00 pm y 03:00 pm a 06:00 pm<\/h3><\/div> <!-- header --><\/div> <!-- aio-icon-box --><\/div> <!-- aio-icon-component --><div class=\"aio-icon-component    style_1\"><div id=\"Info-box-wrap-5499\" class=\"aio-icon-box default-icon\" style=\"\"  ><div class=\"aio-icon-default\"><div class=\"ult-just-icon-wrapper  \"><div class=\"align-icon\" style=\"text-align:center;\">\n<div class=\"aio-icon none \"  style=\"color:#910048;font-size:15px;display:inline-block;\">\n\t<i class=\"Defaults-clock-o\"><\/i>\n<\/div><\/div><\/div><\/div><div class=\"aio-icon-header\" ><h3 class=\"aio-icon-title ult-responsive\"  data-ultimate-target='#Info-box-wrap-5499 .aio-icon-title'  data-responsive-json-new='{\"font-size\":\"\",\"line-height\":\"\"}'  style=\"\">S\u00e1bados de 08:00 am a 01:00 pm<\/h3><\/div> <!-- header --><\/div> <!-- aio-icon-box --><\/div> <!-- aio-icon-component -->[vc_empty_space][\/vc_column_inner][vc_column_inner width=\u00bb1\/2&#8243;][vc_single_image image=\u00bb1815&#8243; img_size=\u00bbfull\u00bb alignment=\u00bbcenter\u00bb][\/vc_column_inner][\/vc_row_inner][vc_empty_space height=\u00bb60px\u00bb][\/vc_column][\/vc_row][vc_row][vc_column][vc_tta_accordion][vc_tta_section title=\u00bbOrganigrama\u00bb tab_id=\u00bb1713886992781-5c78405b-6a6a\u00bb][vc_column_text]<\/p>\n<ul>\n<li><a href=\"https:\/\/drive.google.com\/file\/d\/1IobCaMA92VitbZBkrkXS5I2j6JY5SxV5\/view\">Organigrama<\/a><\/li>\n<\/ul>\n<p>[\/vc_column_text][\/vc_tta_section][vc_tta_section title=\u00bbPlan de Gesti\u00f3n de la Calidad\u00bb tab_id=\u00bb1713886992811-f61b5f5c-46b4&#8243;][vc_column_text]<\/p>\n<ul>\n<li><a href=\"https:\/\/drive.google.com\/open?id=1nMa6LB30fBs9hEwpxsQsQx3WZY4-b2B9&amp;usp=drive_fs\" target=\"_blank\" rel=\"noopener\">Plan de Gesti\u00f3n de Calidad 2025-2027<\/a>\n<ul>\n<li><a href=\"https:\/\/drive.google.com\/open?id=105FqvlP6r2B6_2QAO8nkIbBdPHCklQuS&amp;usp=drive_fs\" target=\"_blank\" rel=\"noopener\">Resoluci\u00f3n N\u00b0 078-2025-UPHFR-CU<\/a><\/li>\n<\/ul>\n<\/li>\n<li><a href=\"https:\/\/drive.google.com\/file\/d\/1ML6iBRez1Xlc0QB_SmmPqHnm7avGEh2J\/view?usp=drive_link\" target=\"_blank\" rel=\"noopener\">Plan de Gesti\u00f3n de Calidad 2023-2025 versi\u00f3n 03<\/a>\n<ul>\n<li><a href=\"https:\/\/drive.google.com\/file\/d\/1NCx7BOqzkwElz4S3fiyvSR5OSJpiEZ1x\/view?usp=drive_link\" target=\"_blank\" rel=\"noopener\">Resoluci\u00f3n N\u00b0 443-2024-UPHFR-CU<\/a><\/li>\n<\/ul>\n<\/li>\n<li><a href=\"https:\/\/drive.google.com\/file\/d\/1q4C577pW_QX4UGQMQlicbjXg7K9fBw2-\/view?usp=drive_link\" target=\"_blank\" rel=\"noopener\">Plan de Gesti\u00f3n de Calidad 2023-2025 versi\u00f3n 2<\/a>\n<ul>\n<li><a href=\"https:\/\/drive.google.com\/file\/d\/1IOesYLV_zqxNLnvbPH1cAQfn-RMgvG8S\/view?usp=drive_link\" target=\"_blank\" rel=\"noopener\">Resoluci\u00f3n N\u00b0 723-2023-UPHFR -CU<\/a><\/li>\n<\/ul>\n<\/li>\n<li><a href=\"https:\/\/drive.google.com\/file\/d\/1sEJopcj1jcIVGJiTi-a3csYB0ZESPqcA\/view?usp=drive_link\" target=\"_blank\" rel=\"noopener\">Plan de Gesti\u00f3n de calidad 2023-2025<\/a>\n<ul>\n<li><a href=\"https:\/\/drive.google.com\/file\/d\/1qC7Xjt4lSXGxSGLphEA3Kmu-QACPtmA4\/view?usp=drive_link\" target=\"_blank\" rel=\"noopener\">Resoluci\u00f3n N\u00b0 465-2022-UPHFR-CU<\/a><\/li>\n<\/ul>\n<\/li>\n<li><a href=\"https:\/\/drive.google.com\/file\/d\/16uLhoKySvdsZu0Z4sMvZXSeFS633jOLq\/view?usp=drive_link\" target=\"_blank\" rel=\"noopener\">Plan de Gesti\u00f3n de Calidad 2018-2022<\/a>\n<ul>\n<li><a href=\"https:\/\/drive.google.com\/file\/d\/1ExD0GhKLCeMV1gUnALRuOLWdk-ByfedH\/view?usp=drive_link\" target=\"_blank\" rel=\"noopener\">Resoluci\u00f3n N\u00b0105-2018-UPHFR-CU<\/a><\/li>\n<\/ul>\n<\/li>\n<\/ul>\n<p>[\/vc_column_text][\/vc_tta_section][vc_tta_section title=\u00bbMiembros de Calidad\u00bb tab_id=\u00bb1714062566956-e7a80a16-b6f3&#8243;][vc_column_text]<\/p>\n<ul>\n<li><a href=\"https:\/\/drive.google.com\/open?id=1G2J7XWUJRbfj2U9mBwPp-sqaF56J4Vc5&amp;usp=drive_fs\" target=\"_blank\" rel=\"noopener\"><span style=\"color: #000000;\"><strong>Miembros de Calidad Educativa 2025<\/strong><\/span><\/a>\n<ul>\n<li><a href=\"https:\/\/drive.google.com\/open?id=18WzK212y5Y-2JnTVk6f12qAZ8I3IqgBa&amp;usp=drive_fs\" target=\"_blank\" rel=\"noopener\">Resoluci\u00f3n N\u00b0481-2025-UPHFR-CU<\/a><\/li>\n<\/ul>\n<\/li>\n<li><span style=\"color: #000000;\"><a style=\"color: #000000;\" href=\"https:\/\/drive.google.com\/file\/d\/1ytebijZ9qxUwm2IjMlXs6ZUhy35sZynI\/view?usp=drive_link\" target=\"_blank\" rel=\"noopener\"><strong>Miembros de Calidad Educativa 2023-2024<\/strong><\/a><\/span>\n<ul>\n<li><a href=\"https:\/\/drive.google.com\/file\/d\/1CwKj1Bjrli0FSHSZD6EwDyPMg0k0M1DU\/view?usp=drive_link\" target=\"_blank\" rel=\"noopener\">Resoluci\u00f3n N\u00b0263-2024-UPHFR-CU<\/a><\/li>\n<\/ul>\n<\/li>\n<li><strong>Miembros de Calidad 2023-2025<\/strong>\n<ul>\n<li><a href=\"https:\/\/drive.google.com\/file\/d\/1Wp4QayAZSZAqpcggIqT8KsNjZsy9BO4Z\/view?usp=drive_link\" target=\"_blank\" rel=\"noopener\">Resoluci\u00f3n N\u00b0341-2023-UPHFR-CU<\/a><\/li>\n<\/ul>\n<\/li>\n<li><strong>Miembros de Calidad 2018-2022<\/strong>\n<ul>\n<li><a href=\"https:\/\/drive.google.com\/file\/d\/1Si0jGTViGhaddqDLPMa4WzJUa_Xcx_Pm\/view?usp=drive_link\" target=\"_blank\" rel=\"noopener\">Resoluci\u00f3n N\u00b0426-2022-UPHFR-CU<\/a><\/li>\n<\/ul>\n<\/li>\n<\/ul>\n<p>[\/vc_column_text][\/vc_tta_section][vc_tta_section title=\u00bbInforme Memoria\u00bb tab_id=\u00bb1714062632017-e2bc89d0-8363&#8243;][vc_column_text]<\/p>\n<ul>\n<li><a href=\"https:\/\/drive.google.com\/open?id=1SIiihYNGtB-Z-ggzyZA8ab-Cv3kc2gwT&amp;usp=drive_fs\" target=\"_blank\" rel=\"noopener\">Informe memoria 2024<\/a>\n<ul>\n<li><a href=\"https:\/\/drive.google.com\/open?id=1-n2ywcbN5NDoITsxQUmiZimRcbSpmK-u&amp;usp=drive_fs\" target=\"_blank\" rel=\"noopener\">RESOLUCI\u00d3N N\u00ba 030-2025-UPHFR-CU<\/a><\/li>\n<\/ul>\n<\/li>\n<li><a href=\"https:\/\/drive.google.com\/file\/d\/1aP7JwlLShkS1lgnHLNKn7sEKCoRk758H\/view?usp=drive_link\" target=\"_blank\" rel=\"noopener\">Informe memoria 2023<\/a>\n<ul>\n<li><a href=\"https:\/\/drive.google.com\/file\/d\/1WWXGf8a3mLdluc66_mWNjYIJkIQKq7aX\/view?usp=drive_link\" target=\"_blank\" rel=\"noopener\">RESOLUCI\u00d3N N\u00ba 014-2024-UPHFR-CU<\/a><\/li>\n<\/ul>\n<\/li>\n<li><a href=\"https:\/\/drive.google.com\/file\/d\/1GtRyxyj3UlhZ3aSrgUjKNe69xqHYuhP5\/view?usp=drive_link\" target=\"_blank\" rel=\"noopener\">Informe memoria 2022<\/a>\n<ul>\n<li><a href=\"https:\/\/drive.google.com\/file\/d\/1W-Pl58YYppFFn7F1GMFU1KCWYVkNEHlN\/view?usp=drive_link\" target=\"_blank\" rel=\"noopener\">Resoluci\u00f3n N\u00b0 011-2023-UPHFR-CU<\/a><\/li>\n<\/ul>\n<\/li>\n<li><a href=\"https:\/\/drive.google.com\/file\/d\/1eDvkxSS5_dF7jxfwreHiwMo-9z7y76dn\/view?usp=drive_link\" target=\"_blank\" rel=\"noopener\">Informe memoria 2021<\/a>\n<ul>\n<li><a href=\"https:\/\/drive.google.com\/file\/d\/1m52YU_RMPcKxMOJjYA8MN0WkozkClt4H\/view?usp=drive_link\" target=\"_blank\" rel=\"noopener\">Resoluci\u00f3n N\u00ba 570-2021-UPHFR-CU<\/a><\/li>\n<\/ul>\n<\/li>\n<\/ul>\n<p>[\/vc_column_text][\/vc_tta_section][vc_tta_section title=\u00bbMatriz de Cumplimiento\u00bb tab_id=\u00bb1714066564293-4edc9655-5b69&#8243;][vc_column_text]<\/p>\n<ul>\n<li><a href=\"https:\/\/docs.google.com\/spreadsheets\/d\/1LrsOO43NL-_JSISUcvKqU1YOpejFgF1I?rtpof=true&amp;usp=drive_fs\" target=\"_blank\" rel=\"noopener\">Matriz de cumplimiento 2024<\/a>\n<ul>\n<li><a href=\"https:\/\/drive.google.com\/open?id=1QxhTvFlyj4AHhbdJmZN8kJb5WamJsR8v&amp;usp=drive_fs\" target=\"_blank\" rel=\"noopener\">RESOLUCI\u00d3N N\u00ba 029-2025-UPHFR-CU<\/a><\/li>\n<\/ul>\n<\/li>\n<li><a href=\"https:\/\/docs.google.com\/spreadsheets\/d\/1hnOcESjlzPd4wx8iin9zgY8qlaCVD9ui\/edit?usp=sharing&amp;ouid=114712506334993596963&amp;rtpof=true&amp;sd=true\" target=\"_blank\" rel=\"noopener\">Matriz de cumplimiento 2023<\/a>\n<ul>\n<li><a href=\"https:\/\/drive.google.com\/file\/d\/1oooN2AbolH7vHanSYmBMJdzo1a_a8fWT\/view?usp=drive_link\" target=\"_blank\" rel=\"noopener\">RESOLUCI\u00d3N N\u00ba 013-2024-UPHFR-CU<\/a><\/li>\n<\/ul>\n<\/li>\n<li><a href=\"https:\/\/drive.google.com\/file\/d\/1jjsOGpstD_XTW-0QBmt-yr3Xxir1T_kF\/view?usp=drive_link\" target=\"_blank\" rel=\"noopener\">Matriz de cumplimiento 2022<\/a>\n<ul>\n<li><a href=\"https:\/\/drive.google.com\/file\/d\/1VKkikzacc_XqtNa8tGa-P5jk0feyrnB2\/view?usp=drive_link\" target=\"_blank\" rel=\"noopener\">Resoluci\u00f3n N\u00ba 784- 2022-UPHFR-CU<\/a><\/li>\n<\/ul>\n<\/li>\n<li><a href=\"https:\/\/drive.google.com\/file\/d\/1lujQZyMJoJ_q_kdEMheRNPyBo2xq8v3X\/view?usp=drive_link\" target=\"_blank\" rel=\"noopener\">Matriz de cumplimiento 2021<\/a><\/li>\n<\/ul>\n<p>[\/vc_column_text][\/vc_tta_section][\/vc_tta_accordion][vc_empty_space height=\u00bb50px\u00bb][\/vc_column][\/vc_row][vc_row full_width=\u00bbstretch_row\u00bb css_animation=\u00bbfadeInUp\u00bb css=\u00bb.vc_custom_1752252581068{background-color: #910048 !important;background-position: center !important;background-repeat: no-repeat !important;background-size: cover !important;}\u00bb][vc_column][vc_empty_space][vc_row_inner content_placement=\u00bbmiddle\u00bb][vc_column_inner width=\u00bb1\/2&#8243;][vc_column_text el_class=\u00bbrazones\u00bb]<\/p>\n<h1><strong>Inicia tu vida<\/strong><br \/>\n<strong>universitaria en UR<\/strong><\/h1>\n<p>[\/vc_column_text][vc_empty_space][vc_column_text el_class=\u00bbtexto-blanco\u00bb]Somos una instituci\u00f3n educativa con m\u00e1s de 14 a\u00f1os de experiencia,<br \/>\nbrindando la educaci\u00f3n profesional a nuestros estudiantes.[\/vc_column_text][vc_empty_space][vc_single_image image=\u00bb1466&#8243; img_size=\u00bbfull\u00bb][vc_empty_space][\/vc_column_inner][vc_column_inner el_class=\u00bbsombra\u00bb width=\u00bb1\/2&#8243; css=\u00bb.vc_custom_1710265477016{padding-right: 20px !important;padding-left: 20px !important;background-color: #ffffff !important;border-radius: 10px !important;}\u00bb][vc_column_text el_class=\u00bbdatos\u00bb]<\/p>\n<h1><strong>D\u00e9janos tus datos<\/strong><\/h1>\n<p>[\/vc_column_text][vc_empty_space][vc_raw_html]JTNDc2NyaXB0JTIwY2hhcnNldCUzRCUyMnV0Zi04JTIyJTIwdHlwZSUzRCUyMnRleHQlMkZqYXZhc2NyaXB0JTIyJTIwc3JjJTNEJTIyJTJGJTJGanMuaHNmb3Jtcy5uZXQlMkZmb3JtcyUyRmVtYmVkJTJGdjIuanMlMjIlM0UlM0MlMkZzY3JpcHQlM0UlMEElM0NzY3JpcHQlM0UlMEElMjAlMjBoYnNwdC5mb3Jtcy5jcmVhdGUlMjglN0IlMEElMjAlMjAlMjAlMjByZWdpb24lM0ElMjAlMjJuYTElMjIlMkMlMEElMjAlMjAlMjAlMjBwb3J0YWxJZCUzQSUyMCUyMjg5MDEzMDklMjIlMkMlMEElMjAlMjAlMjAlMjBmb3JtSWQlM0ElMjAlMjI3Y2NmNWMzOS04ODQ0LTQyNTAtYTQ4YS05NGEyY2Y5ZWZkZDMlMjIlMEElMjAlMjAlN0QlMjklM0IlMEElM0MlMkZzY3JpcHQlM0U=[\/vc_raw_html][vc_empty_space][\/vc_column_inner][\/vc_row_inner][vc_empty_space height=\u00bb60px\u00bb][\/vc_column][\/vc_row]<\/p>\n","protected":false},"excerpt":{"rendered":"<p>[vc_row full_width=\u00bbstretch_row\u00bb css=\u00bb.vc_custom_1714067532166{background-image: url(https:\/\/www.uroosevelt.edu.pe\/portal\/wp-content\/uploads\/2024\/04\/SALA-BIBLIOTECA-SC-05.jpg?id=1115) !important;background-position: center !important;background-repeat: no-repeat !important;background-size: cover !important;}\u00bb][vc_column][vc_empty_space height=\u00bb150px\u00bb][vc_row_inner][vc_column_inner width=\u00bb1\/2&#8243;][vc_column_text el_class=\u00bbtitulo\u00bb<span class=\"excerpt-hellip\"> [\u2026]<\/span><\/p>\n","protected":false},"author":4,"featured_media":0,"parent":0,"menu_order":0,"comment_status":"closed","ping_status":"closed","template":"","meta":{"footnotes":""},"_links":{"self":[{"href":"https:\/\/www.uroosevelt.edu.pe\/portal\/wp-json\/wp\/v2\/pages\/1499"}],"collection":[{"href":"https:\/\/www.uroosevelt.edu.pe\/portal\/wp-json\/wp\/v2\/pages"}],"about":[{"href":"https:\/\/www.uroosevelt.edu.pe\/portal\/wp-json\/wp\/v2\/types\/page"}],"author":[{"embeddable":true,"href":"https:\/\/www.uroosevelt.edu.pe\/portal\/wp-json\/wp\/v2\/users\/4"}],"replies":[{"embeddable":true,"href":"https:\/\/www.uroosevelt.edu.pe\/portal\/wp-json\/wp\/v2\/comments?post=1499"}],"version-history":[{"count":20,"href":"https:\/\/www.uroosevelt.edu.pe\/portal\/wp-json\/wp\/v2\/pages\/1499\/revisions"}],"predecessor-version":[{"id":2972,"href":"https:\/\/www.uroosevelt.edu.pe\/portal\/wp-json\/wp\/v2\/pages\/1499\/revisions\/2972"}],"wp:attachment":[{"href":"https:\/\/www.uroosevelt.edu.pe\/portal\/wp-json\/wp\/v2\/media?parent=1499"}],"curies":[{"name":"wp","href":"https:\/\/api.w.org\/{rel}","templated":true}]}}