{"id":1129,"date":"2024-04-18T20:25:10","date_gmt":"2024-04-18T20:25:10","guid":{"rendered":"https:\/\/www.uroosevelt.edu.pe\/portal\/?page_id=1129"},"modified":"2024-04-18T20:33:01","modified_gmt":"2024-04-18T20:33:01","slug":"blog","status":"publish","type":"page","link":"https:\/\/www.uroosevelt.edu.pe\/portal\/blog\/","title":{"rendered":"Blog"},"content":{"rendered":"<p>[vc_row full_width=\u00bbstretch_row\u00bb css=\u00bb.vc_custom_1713469592490{background-image: url(https:\/\/www.uroosevelt.edu.pe\/portal\/wp-content\/uploads\/2024\/04\/blog.jpg?id=1130) !important;background-position: center !important;background-repeat: no-repeat !important;background-size: cover !important;}\u00bb][vc_column][vc_empty_space height=\u00bb150px\u00bb][vc_row_inner][vc_column_inner width=\u00bb1\/2&#8243;][vc_column_text el_class=\u00bbtitulo\u00bb]<\/p>\n<h1><strong>Blog<\/strong><\/h1>\n<p>[\/vc_column_text][vc_empty_space][vc_column_text el_class=\u00bbtexto-blanco\u00bb]La Universidad Franklin Roosevelt ofrece a sus estudiantes el beneficio de desarrollar de manera adecuada y continua su formaci\u00f3n profesional a trav\u00e9s de su programa de becas.[\/vc_column_text][\/vc_column_inner][vc_column_inner width=\u00bb1\/2&#8243;][\/vc_column_inner][\/vc_row_inner][vc_empty_space height=\u00bb200px\u00bb][\/vc_column][\/vc_row][vc_row][vc_column][vc_empty_space height=\u00bb60px\u00bb][vc_row_inner][vc_column_inner el_class=\u00bbdocente\u00bb][vc_empty_space]<div class=\"column_filters\"><div class=\"blog_wrapper isotope_wrapper clearfix\"><div class=\"posts_group lm_wrapper col-2 timeline hide-more\"><div class=\"post-item isotope-item clearfix no-img post-1140 post type-post status-publish format-standard hentry category-blog\" style=\"\"><div class=\"date_label\">18 abril, 2024<\/div><div class=\"image_frame post-photo-wrapper scale-with-grid image\"><div class=\"image_wrapper\"><\/div><\/div><div class=\"post-desc-wrapper bg-\" style=\"\"><div class=\"post-desc\"><div class=\"post-head\"><\/div><div class=\"post-title\"><h2 class=\"entry-title\" itemprop=\"headline\"><a href=\"https:\/\/www.uroosevelt.edu.pe\/portal\/comunicado-3\/\">COMUNICADO<\/a><\/h2><\/div><div class=\"post-excerpt\">La SUNEDU alerta sobre posibles casos de estafa La Superintendencia Nacional de Educaci\u00f3n Superior<span class=\"excerpt-hellip\"> [\u2026]<\/span><\/div><div class=\"post-footer\"><div class=\"button-love\"><span class=\"love-text\">Te gusto?<\/span><\/div><div class=\"post-links\"><i class=\"icon-doc-text\"><\/i> <a href=\"https:\/\/www.uroosevelt.edu.pe\/portal\/comunicado-3\/\" class=\"post-more\">Leer m\u00e1s<\/a><\/div><\/div><\/div><\/div><\/div><div class=\"post-item isotope-item clearfix no-img post-1138 post type-post status-publish format-standard hentry category-blog\" style=\"\"><div class=\"date_label\">18 abril, 2024<\/div><div class=\"image_frame post-photo-wrapper scale-with-grid image\"><div class=\"image_wrapper\"><\/div><\/div><div class=\"post-desc-wrapper bg-\" style=\"\"><div class=\"post-desc\"><div class=\"post-head\"><\/div><div class=\"post-title\"><h2 class=\"entry-title\" itemprop=\"headline\"><a href=\"https:\/\/www.uroosevelt.edu.pe\/portal\/comunicado-2\/\">COMUNICADO<\/a><\/h2><\/div><div class=\"post-excerpt\">La SUNEDU alerta sobre posibles casos de estafas La Superintendencia Nacional de Educaci\u00f3n Superior<span class=\"excerpt-hellip\"> [\u2026]<\/span><\/div><div class=\"post-footer\"><div class=\"button-love\"><span class=\"love-text\">Te gusto?<\/span><\/div><div class=\"post-links\"><i class=\"icon-doc-text\"><\/i> <a href=\"https:\/\/www.uroosevelt.edu.pe\/portal\/comunicado-2\/\" class=\"post-more\">Leer m\u00e1s<\/a><\/div><\/div><\/div><\/div><\/div><div class=\"post-item isotope-item clearfix no-img post-1135 post type-post status-publish format-standard hentry category-blog\" style=\"\"><div class=\"date_label\">18 abril, 2024<\/div><div class=\"image_frame post-photo-wrapper scale-with-grid image\"><div class=\"image_wrapper\"><\/div><\/div><div class=\"post-desc-wrapper bg-\" style=\"\"><div class=\"post-desc\"><div class=\"post-head\"><\/div><div class=\"post-title\"><h2 class=\"entry-title\" itemprop=\"headline\"><a href=\"https:\/\/www.uroosevelt.edu.pe\/portal\/politica-de-seguridad-y-salud-en-el-trabajo-2023\/\">P\u00d3LITICA DE SEGURIDAD Y SALUD EN EL TRABAJO \u2013 2023<\/a><\/h2><\/div><div class=\"post-excerpt\"><\/div><div class=\"post-footer\"><div class=\"button-love\"><span class=\"love-text\">Te gusto?<\/span><\/div><div class=\"post-links\"><i class=\"icon-doc-text\"><\/i> <a href=\"https:\/\/www.uroosevelt.edu.pe\/portal\/politica-de-seguridad-y-salud-en-el-trabajo-2023\/\" class=\"post-more\">Leer m\u00e1s<\/a><\/div><\/div><\/div><\/div><\/div><div class=\"post-item isotope-item clearfix no-img post-1133 post type-post status-publish format-standard hentry category-blog\" style=\"\"><div class=\"date_label\">18 abril, 2024<\/div><div class=\"image_frame post-photo-wrapper scale-with-grid image\"><div class=\"image_wrapper\"><\/div><\/div><div class=\"post-desc-wrapper bg-\" style=\"\"><div class=\"post-desc\"><div class=\"post-head\"><\/div><div class=\"post-title\"><h2 class=\"entry-title\" itemprop=\"headline\"><a href=\"https:\/\/www.uroosevelt.edu.pe\/portal\/comunicado\/\">COMUNICADO<\/a><\/h2><\/div><div class=\"post-excerpt\">ACUERDOS ADOPTADOS EN SESION DE CONSEJO UNIVERSITARIO 22 DE DICIEMBRE 2022 Se hace extensiva<span class=\"excerpt-hellip\"> [\u2026]<\/span><\/div><div class=\"post-footer\"><div class=\"button-love\"><span class=\"love-text\">Te gusto?<\/span><\/div><div class=\"post-links\"><i class=\"icon-doc-text\"><\/i> <a href=\"https:\/\/www.uroosevelt.edu.pe\/portal\/comunicado\/\" class=\"post-more\">Leer m\u00e1s<\/a><\/div><\/div><\/div><\/div><\/div><div class=\"post-item isotope-item clearfix no-img post-1131 post type-post status-publish format-standard hentry category-blog\" style=\"\"><div class=\"date_label\">18 abril, 2024<\/div><div class=\"image_frame post-photo-wrapper scale-with-grid image\"><div class=\"image_wrapper\"><\/div><\/div><div class=\"post-desc-wrapper bg-\" style=\"\"><div class=\"post-desc\"><div class=\"post-head\"><\/div><div class=\"post-title\"><h2 class=\"entry-title\" itemprop=\"headline\"><a href=\"https:\/\/www.uroosevelt.edu.pe\/portal\/ceremonia-de-graduacion-2022-i-e-p-de-estomatologia-y-ciencias-farmaceuticas-y-bioquimica\/\">CEREMONIA DE GRADUACI\u00d3N 2022-I \u2013 E.P. DE ESTOMATOLOG\u00cdA Y CIENCIAS FARMAC\u00c9UTICAS Y BIOQU\u00cdMICA<\/a><\/h2><\/div><div class=\"post-excerpt\">El Paraninfo del campus de la Universidad Privada de Huancayo Franklin Roosevelt fue escenario<span class=\"excerpt-hellip\"> [\u2026]<\/span><\/div><div class=\"post-footer\"><div class=\"button-love\"><span class=\"love-text\">Te gusto?<\/span><\/div><div class=\"post-links\"><i class=\"icon-doc-text\"><\/i> <a href=\"https:\/\/www.uroosevelt.edu.pe\/portal\/ceremonia-de-graduacion-2022-i-e-p-de-estomatologia-y-ciencias-farmaceuticas-y-bioquimica\/\" class=\"post-more\">Leer m\u00e1s<\/a><\/div><\/div><\/div><\/div><\/div><\/div><\/div>\n<\/div>\n[vc_empty_space][\/vc_column_inner][\/vc_row_inner][vc_empty_space height=\u00bb60px\u00bb][\/vc_column][\/vc_row]<\/p>\n","protected":false},"excerpt":{"rendered":"<p>[vc_row full_width=\u00bbstretch_row\u00bb css=\u00bb.vc_custom_1713469592490{background-image: url(https:\/\/www.uroosevelt.edu.pe\/portal\/wp-content\/uploads\/2024\/04\/blog.jpg?id=1130) !important;background-position: center !important;background-repeat: no-repeat !important;background-size: cover !important;}\u00bb][vc_column][vc_empty_space height=\u00bb150px\u00bb][vc_row_inner][vc_column_inner width=\u00bb1\/2&#8243;][vc_column_text el_class=\u00bbtitulo\u00bb]<span class=\"excerpt-hellip\"> [\u2026]<\/span><\/p>\n","protected":false},"author":3,"featured_media":0,"parent":0,"menu_order":0,"comment_status":"closed","ping_status":"closed","template":"","meta":{"footnotes":""},"_links":{"self":[{"href":"https:\/\/www.uroosevelt.edu.pe\/portal\/wp-json\/wp\/v2\/pages\/1129"}],"collection":[{"href":"https:\/\/www.uroosevelt.edu.pe\/portal\/wp-json\/wp\/v2\/pages"}],"about":[{"href":"https:\/\/www.uroosevelt.edu.pe\/portal\/wp-json\/wp\/v2\/types\/page"}],"author":[{"embeddable":true,"href":"https:\/\/www.uroosevelt.edu.pe\/portal\/wp-json\/wp\/v2\/users\/3"}],"replies":[{"embeddable":true,"href":"https:\/\/www.uroosevelt.edu.pe\/portal\/wp-json\/wp\/v2\/comments?post=1129"}],"version-history":[{"count":7,"href":"https:\/\/www.uroosevelt.edu.pe\/portal\/wp-json\/wp\/v2\/pages\/1129\/revisions"}],"predecessor-version":[{"id":1144,"href":"https:\/\/www.uroosevelt.edu.pe\/portal\/wp-json\/wp\/v2\/pages\/1129\/revisions\/1144"}],"wp:attachment":[{"href":"https:\/\/www.uroosevelt.edu.pe\/portal\/wp-json\/wp\/v2\/media?parent=1129"}],"curies":[{"name":"wp","href":"https:\/\/api.w.org\/{rel}","templated":true}]}}